e 2*w + l = 118, w = -w - 2*l + 116. What are the prime factors of w?
2, 3, 5
Suppose 0*u - u + 138 = 0. What are the prime factors of u?
2, 3, 23
Let z = 1 + 22. List the prime factors of z.
23
Let t(k) = k**2 + k. Let b be t(3). Let v = b - -23. List the prime factors of v.
5, 7
Let w = -15 + 13. List the prime factors of (-12)/w*(-22)/(-4).
3, 11
Let s(y) = -7*y**2 + y + 10. Let z(f) = -8*f**2 + 11. Let r(i) = 7*s(i) - 6*z(i). Suppose 9 + 9 = 3*j. What are the prime factors of r(j)?
2, 5
Suppose -2*y = 7 - 13. List the prime factors of y.
3
Let y be -2 + 22 - (-1 + 0). Let j = y - 5. Let n = -9 + j. List the prime factors of n.
7
Let u(n) = -4*n - 12. Let w(x) = -x - 1. Let a(z) = -2*z**2 + 4*z. Let j be a(3). Let p(g) = j*w(g) + u(g). List the prime factors of p(7).
2
What are the prime factors of (-1)/(3/87*-1)?
29
Let r(d) = d**2 + 11*d - 35. List the prime factors of r(-15).
5
Let r(s) = s**3 - 8*s**2 - 9*s - 3. Let q be r(9). What are the prime factors of (2 + q)*21/(-3)?
7
Let i(h) = -h**3 - h**2 + h. Let w be i(-2). Suppose w*u = -u + 48. List the prime factors of u.
2
Let c(p) = p**3 + 6*p**2 - 5*p - 4. Let i be c(-6). What are the prime factors of i + -7 - 2/1?
17
Suppose 4*p - 69 - 3 = 0. Suppose 3*i = 18 + p. List the prime factors of i.
2, 3
Let r be -1 - -4 - (-2 + 1). Suppose -4*g + 48 = r. List the prime factors of g - (3 + -6 + 2).
2, 3
Suppose 2*r - q = 31, r - 2*r = -q - 17. List the prime factors of (-12)/(-4)*r/6.
7
Let f = -46 + 83. What are the prime factors of f?
37
Let u(j) = j**2 + 6*j - 8. What are the prime factors of u(11)?
179
Let q(h) = -3*h + 1. Let d(t) = 16*t - 6. Let n(o) = -2*d(o) - 11*q(o). Let x be n(3). Let w = x + 0. What are the prime factors of w?
2
Let i(a) = a**3 - 4*a**2 + 4*a - 3. Let r be i(3). Suppose y = 4*f - r + 17, -3*f - 13 = -y. What are the prime factors of (-66)/(-9) + y/(-3)?
7
Suppose -o = -v + 5 + 19, 0 = 4*o - 4. Suppose 5*u + 2*z - 40 = -0*z, 5*u + 5*z = v. What are the prime factors of u?
2, 5
Let t(x) = -x + 2. Let g be t(0). Let d = g + 0. Suppose -f = l + f - 13, l + d = f. List the prime factors of l.
3
List the prime factors of 195/3 - (-7 - -3).
3, 23
Suppose -k + 42 = -4*k. What are the prime factors of ((-14)/3)/(k/21)?
7
Suppose 2*p = 20 + 44. Let s = -18 + p. What are the prime factors of s?
2, 7
Let s be ((-12)/3)/(4/(-6)). Suppose -o - 4 = -4*y + s, 4 = y - o. What are the prime factors of y?
2
Let m be 4/(-10) + (-108)/(-20). Suppose -q - 2*u = u + 4, -u = m*q - 36. List the prime factors of q.
2
Suppose -3*l + 150 = 2*x, 3*x = -3*l + 230 - 80. List the prime factors of l.
2, 5
Suppose -c + 5*c = -84. Let q = -11 - c. What are the prime factors of q?
2, 5
List the prime factors of (8 + -4 + -1)/((-6)/(-38)).
19
Suppose 3*v - 6 = -n - 3*n, v - 2 = -5*n. What are the prime factors of 18/v - (-1 + 2)?
2
Suppose 63 - 12 = 3*m. Let s = -15 + m. List the prime factors of s.
2
Let r be 3/2*(-8 - -4). Let g be ((-2)/r)/((-2)/(-12)). Suppose 0 = g*h + 2*x - 4, 4*h + 2*x = -x + 12. List the prime factors of h.
2, 3
Let a(c) = -34*c - 62. List the prime factors of a(-7).
2, 11
Let q(i) = -i + 1. Let n be q(2). What are the prime factors of (-4)/(-10)*(26 + n)?
2, 5
Let w = 4 - -29. Let z = -36 - -39. Suppose -4*x - 12 = 0, -3*x + w = z*i - 6*x. What are the prime factors of i?
2
Suppose m + 2*w = 8, 0 = -4*m + 5*w - w - 16. Suppose -i + m = -2. List the prime factors of i.
2
Let v be (-48)/(-21) + (-6)/21. Suppose -v*p = -3*p + 9. What are the prime factors of p?
3
Suppose 0 = b - 4*a - 8, 5*b + 3*a = 45 + 18. List the prime factors of b.
2, 3
What are the prime factors of ((-68)/(-85))/(4/530)?
2, 53
Let j(r) = 3*r**3 - 2*r**2 - r + 1. Let s be j(2). Let z = 39 - s. What are the prime factors of z?
2, 3
Let t = 74 - -137. What are the prime factors of t?
211
Suppose -4*j + 6*j + 8 = 0. Let t = 36 - 24. Let c = j + t. List the prime factors of c.
2
Let s(r) = -4*r**2 - 4. Let h(d) = 11*d**2 - d + 11. Let a(p) = -3*h(p) - 8*s(p). Let k be a(3). List the prime factors of (k + -2)/(3/(-12)).
2, 3
Let c(u) = -5*u**3 + 2. Let w be c(2). Let j = w + 65. Suppose 2*y = -4*t + 5 + j, y = -4*t + 20. List the prime factors of y.
2, 3
Let f = 5 - -9. List the prime factors of f.
2, 7
Let s(b) = b**3 - 8*b**2 - 1. Let l be s(8). What are the prime factors of 16 - (2 - 5 - l)?
2, 3
Suppose 2*k + 1 = 9. What are the prime factors of k?
2
Suppose -t - 36 = 3*x + 2*t, 3*x + 5*t = -34. What are the prime factors of (-1)/(-3)*3 - x?
2, 7
Let z(w) = -14*w - 38. Let b(g) = -5*g - 13. Let v(s) = 17*b(s) - 6*z(s). What are the prime factors of v(3)?
2
Suppose 177 + 393 = 3*v. What are the prime factors of v?
2, 5, 19
Suppose 0 = -4*t, 24 - 194 = -5*p - t. List the prime factors of p.
2, 17
What are the prime factors of (-9 + 8)/((-2)/8)?
2
Suppose -2*f + 7 = -15. Suppose y - 7 = -2*h, 4*h - 2*h + 5*y = f. Suppose h = m - 0. What are the prime factors of m?
3
Suppose -2*w + 122 = 4*v, -13*w + 11*w + 2*v + 116 = 0. What are the prime factors of w?
59
Suppose -4*o + 120 = -40. Suppose -4*m - 5*g = -o, -3*m = 2*g - 2 - 21. List the prime factors of m.
5
Suppose 5*q + 5*n = 2*q - 3, -5*q + 2*n - 5 = 0. Let r be (20 - 3) + (0 - q). Let b = r + -10. List the prime factors of b.
2
Suppose 2*u - q - 40 = 0, -3*u - 10 = 5*q - 83. Let r = -4 - -6. Suppose 0 = -p - r*p + u. What are the prime factors of p?
7
Let l(f) = 0 - f**2 - 2 + 2*f + 5*f**2. Let t be l(3). Suppose -4*p + 0*p + t = 0. What are the prime factors of p?
2, 5
Let j(c) = c**2 - 5*c + 2. Suppose -5*p - 18 = 5*d - 63, -26 = -2*d - 4*p. Let v be j(d). Suppose 7*w = v*w + 50. List the prime factors of w.
2, 5
Suppose -44 = 2*j + 5*d, j - 3*d + 0*d = 0. Let i = j + 23. What are the prime factors of i?
11
Let a(k) = 3*k - 5. List the prime factors of a(4).
7
Suppose c - 3*d = -d + 210, 0 = c + 2*d - 198. What are the prime factors of c?
2, 3, 17
List the prime factors of (-4)/(-12) + 286/6.
2, 3
Let s = -1 - -5. Suppose 11 - 3 = s*z. What are the prime factors of z?
2
List the prime factors of 20/100 - (747/5)/(-3).
2, 5
Let u be 6*(-1 - 3/(-2)). Suppose -u*z + 3*m = -12, -28 = -5*z + m - 0*m. List the prime factors of z.
2, 3
Let b(q) = q**3 - 3*q**2 - 3*q - 1. Let y be b(4). Suppose 5*d = -y*p - 1 + 2, 12 = 3*d - 2*p. Let c = 9 - d. What are the prime factors of c?
7
Suppose 4*q - 155 = 3*q. What are the prime factors of q?
5, 31
Suppose -10*a + 89 = -9*a. List the prime factors of a.
89
Let n(l) = l**3 - 3*l**2 + 3*l - 2. Let r be n(2). Let c(q) = q + 12. List the prime factors of c(r).
2, 3
Let r = 24 - -160. What are the prime factors of r?
2, 23
Suppose -3*v + 34 = -0*v + 4*z, -v - 3*z = -18. What are the prime factors of v?
2, 3
Suppose -a - 22 = a + 3*o, -3*o = -3*a - 63. Let w = -8 - a. List the prime factors of w.
3
Let r = -116 - -71. Suppose s + 10 = -2*h - 2, -3*s = -4*h - 14. List the prime factors of (r/6 + s)*-2.
19
Suppose -2*w + 13 + 17 = 0. What are the prime factors of w?
3, 5
Suppose -5*y + 16 = -4. Suppose 3*f = -y*l + 31 + 15, -5*f + 5*l = -100. Suppose -4*n = 5*k - 28, 0 = -4*k + n + f + 17. List the prime factors of k.
2
Suppose -7*x = -a - 2*x + 79, 5*a - 349 = 2*x. What are the prime factors of a?
3, 23
Suppose -4*o = 5 - 13. Suppose -2*y = o*y - 120. Suppose -w + y = 5*x - 3*w, 2*x = 2*w + 18. What are the prime factors of x?
2
Let c = 42 + -25. What are the prime factors of c?
17
Suppose 20*c - 3490 - 830 = 0. What are the prime factors of c?
2, 3
Let f(b) = -b**2 - 6*b + 8. Let n be f(-6). Let g(a) = a**3 - 9*a**2 + 9*a + 1. What are the prime factors of g(n)?
3
Suppose 15 = 5*j, j = -f - j + 52. List the prime factors of f.
2, 23
Suppose 33 = 2*l - 47. List the prime factors of l.
2, 5
Let l be (-44)/(-7) - (-6)/(-21). Let q = 8 - l. List the prime factors of q.
2
Let q(h) = 6*h**2 - 6*h - 17. List the prime factors of q(6).
163
Let o = -16 + 53. What are the prime factors of o?
37
List the prime factors of (-210)/(-25)*(1 - -4).
2, 3, 7
Let k(d) = -d**2 - 5*d - 1. Let j be k(-5). Let c(l) = -l**3 - 5*l**2 + 8*l + 9. Let y be c(-6). List the prime factors of 4 + y - j*5.
2, 3
Let i = 144 - -1. What are the prime factors of i?
5, 29
Suppose -7*y = -2*y - 20. Suppose 0 = 4*s - 12, v = y*v - 3*s - 12. What are the prime